{"id":27,"date":"2019-11-13T21:26:01","date_gmt":"2019-11-13T21:26:01","guid":{"rendered":"https:\/\/xn--karlheinz-bhm-schule-ebc.de\/?page_id=27"},"modified":"2021-05-03T04:02:06","modified_gmt":"2021-05-03T04:02:06","slug":"schule","status":"publish","type":"page","link":"https:\/\/xn--karlheinz-bhm-schule-ebc.de\/?page_id=27","title":{"rendered":"Schule"},"content":{"rendered":"\n<p><strong>Wir stellen uns vor<\/strong><\/p>\n\n\n\n<p>Die Karlheinz-B\u00f6hm-Schule liegt in der Kernstadt Waldkappel und ist im Schuljahr 2019\/20 eine zweiz\u00fcgige Grundschule. Die ca. 150 Sch\u00fclerinnen und Sch\u00fcler kommen aus den Ortsteilen der Gemeinde Waldkappel sowie aus Ortsteilen der Gemeinden Hessisch Lichtenau, Wehretal und Sontra.&nbsp;<\/p>\n\n\n\n<p><\/p>\n\n\n\n<p>Zu unserem&nbsp;<strong>Kollegium<\/strong> geh\u00f6ren 11 Kolleginnen und Kollegen. Regelm\u00e4\u00dfig werden an unserer Schule LehrerInnen im Vorbereitungsdienst (LiV) ausgebildet. Momentan haben wir eine Lehrerin im Vorbereitungsdienst an unserer Schule.&nbsp;<\/p>\n\n\n\n<p><\/p>\n\n\n\n<p>Das&nbsp;<strong>Betreuungsangebot<\/strong> unserer Schule umfasst eine verl\u00e4ssliche Unterrichts- und Betreuungszeit von 7.45 Uhr bis 16.00 Uhr. Das Ganztagskonzept mit Hausaufgabenbetreuung und AG\u00b4s sowie der Schulb\u00fccherei ist fester Bestandteil des Schulprogramms.&nbsp;<\/p>\n\n\n\n<div class=\"wp-block-image\"><figure class=\"alignleft size-large is-resized\"><img loading=\"lazy\" decoding=\"async\" src=\"https:\/\/xn--karlheinz-bhm-schule-ebc.de\/wp-content\/uploads\/2020\/05\/DSCN0404-1024x768.jpg\" alt=\"\" class=\"wp-image-203\" width=\"191\" height=\"143\" srcset=\"https:\/\/xn--karlheinz-bhm-schule-ebc.de\/wp-content\/uploads\/2020\/05\/DSCN0404-1024x768.jpg 1024w, https:\/\/xn--karlheinz-bhm-schule-ebc.de\/wp-content\/uploads\/2020\/05\/DSCN0404-300x225.jpg 300w, https:\/\/xn--karlheinz-bhm-schule-ebc.de\/wp-content\/uploads\/2020\/05\/DSCN0404-768x576.jpg 768w, https:\/\/xn--karlheinz-bhm-schule-ebc.de\/wp-content\/uploads\/2020\/05\/DSCN0404-1536x1152.jpg 1536w, https:\/\/xn--karlheinz-bhm-schule-ebc.de\/wp-content\/uploads\/2020\/05\/DSCN0404-2048x1536.jpg 2048w\" sizes=\"auto, (max-width: 191px) 100vw, 191px\" \/><\/figure><\/div>\n\n\n\n<p>Das&nbsp;<strong>Schulgeb\u00e4ude<\/strong> wurde in den Jahren 2016\/17 grundlegend saniert und modernisiert. Der obere Trakt der ehemaligen Mittelpunktschule Waldkappel wurde von der Schule abgetrennt. Weitere bauliche Ma\u00dfnahmen betreffen die Modernisierung der Aula, des Eingangsbereiches und der Verwaltung und sind in Planung.<\/p>\n\n\n\n<p>Im Raumkonzept der Schule werden Anforderungen der \u201eInklusiven Beschulung\u201c beachtet. So entstanden im Erdgeschoss Betreuungsr\u00e4ume und ein Klassenraum, die barrierefrei gestaltet wurden sowie barrierefreie sanit\u00e4re Anlagen.<\/p>\n\n\n\n<div class=\"wp-block-image\"><figure class=\"alignright size-large is-resized\"><img loading=\"lazy\" decoding=\"async\" src=\"https:\/\/xn--karlheinz-bhm-schule-ebc.de\/wp-content\/uploads\/2020\/05\/DSCN0403-1024x768.jpg\" alt=\"\" class=\"wp-image-202\" width=\"189\" height=\"143\" srcset=\"https:\/\/xn--karlheinz-bhm-schule-ebc.de\/wp-content\/uploads\/2020\/05\/DSCN0403-1024x768.jpg 1024w, https:\/\/xn--karlheinz-bhm-schule-ebc.de\/wp-content\/uploads\/2020\/05\/DSCN0403-300x225.jpg 300w, https:\/\/xn--karlheinz-bhm-schule-ebc.de\/wp-content\/uploads\/2020\/05\/DSCN0403-768x576.jpg 768w, https:\/\/xn--karlheinz-bhm-schule-ebc.de\/wp-content\/uploads\/2020\/05\/DSCN0403-1536x1152.jpg 1536w, https:\/\/xn--karlheinz-bhm-schule-ebc.de\/wp-content\/uploads\/2020\/05\/DSCN0403-2048x1536.jpg 2048w\" sizes=\"auto, (max-width: 189px) 100vw, 189px\" \/><\/figure><\/div>\n\n\n\n<p>Es wurde ein PC-Raum, der den aktuellen Anforderungen im Umgang mit Medien entspricht, eingerichtet. Des Weiteren sind alle Klassen mit interaktiven Tafeln und PC-Ecken ausgestattet.&nbsp;<\/p>\n\n\n\n<p>Seit dem Jahr 2007 arbeitet unsere Schule mit dem&nbsp;<strong>Profil<\/strong> \u201eEine-Welt-Schule\u201c. Wir stehen im regelm\u00e4\u00dfigen Kontakt mit unserer Partnerschule in Babile in \u00c4thiopien. Fester Bestandteil im Schuljahr sind Projekttage zum globalen Lernen und zum Thema Afrika.&nbsp;<\/p>\n","protected":false},"excerpt":{"rendered":"<p>Wir stellen uns vor Die Karlheinz-B\u00f6hm-Schule liegt in der Kernstadt Waldkappel und ist im Schuljahr 2019\/20 eine zweiz\u00fcgige Grundschule. Die ca. 150 Sch\u00fclerinnen und Sch\u00fcler kommen aus den Ortsteilen der Gemeinde Waldkappel sowie aus Ortsteilen der Gemeinden Hessisch Lichtenau, Wehretal und Sontra.&nbsp; Zu unserem&nbsp;Kollegium geh\u00f6ren 11 Kolleginnen und Kollegen. Regelm\u00e4\u00dfig werden an unserer Schule LehrerInnen [&hellip;]<\/p>\n","protected":false},"author":3,"featured_media":0,"parent":0,"menu_order":0,"comment_status":"closed","ping_status":"closed","template":"","meta":{"inline_featured_image":false,"footnotes":""},"class_list":["post-27","page","type-page","status-publish","hentry"],"_links":{"self":[{"href":"https:\/\/xn--karlheinz-bhm-schule-ebc.de\/index.php?rest_route=\/wp\/v2\/pages\/27","targetHints":{"allow":["GET"]}}],"collection":[{"href":"https:\/\/xn--karlheinz-bhm-schule-ebc.de\/index.php?rest_route=\/wp\/v2\/pages"}],"about":[{"href":"https:\/\/xn--karlheinz-bhm-schule-ebc.de\/index.php?rest_route=\/wp\/v2\/types\/page"}],"author":[{"embeddable":true,"href":"https:\/\/xn--karlheinz-bhm-schule-ebc.de\/index.php?rest_route=\/wp\/v2\/users\/3"}],"replies":[{"embeddable":true,"href":"https:\/\/xn--karlheinz-bhm-schule-ebc.de\/index.php?rest_route=%2Fwp%2Fv2%2Fcomments&post=27"}],"version-history":[{"count":10,"href":"https:\/\/xn--karlheinz-bhm-schule-ebc.de\/index.php?rest_route=\/wp\/v2\/pages\/27\/revisions"}],"predecessor-version":[{"id":206,"href":"https:\/\/xn--karlheinz-bhm-schule-ebc.de\/index.php?rest_route=\/wp\/v2\/pages\/27\/revisions\/206"}],"wp:attachment":[{"href":"https:\/\/xn--karlheinz-bhm-schule-ebc.de\/index.php?rest_route=%2Fwp%2Fv2%2Fmedia&parent=27"}],"curies":[{"name":"wp","href":"https:\/\/api.w.org\/{rel}","templated":true}]}}

<p><strong>Wir stellen uns vor</strong></p>



<p>Die Karlheinz-Böhm-Schule liegt in der Kernstadt Waldkappel und ist im Schuljahr 2019/20 eine zweizügige Grundschule. Die ca. 150 Schülerinnen und Schüler kommen aus den Ortsteilen der Gemeinde Waldkappel sowie aus Ortsteilen der Gemeinden Hessisch Lichtenau, Wehretal und Sontra.&nbsp;</p>



<p></p>



<p>Zu unserem&nbsp;<strong>Kollegium</strong> gehören 11 Kolleginnen und Kollegen. Regelmäßig werden an unserer Schule LehrerInnen im Vorbereitungsdienst (LiV) ausgebildet. Momentan haben wir eine Lehrerin im Vorbereitungsdienst an unserer Schule.&nbsp;</p>



<p></p>



<p>Das&nbsp;<strong>Betreuungsangebot</strong> unserer Schule umfasst eine verlässliche Unterrichts- und Betreuungszeit von 7.45 Uhr bis 16.00 Uhr. Das Ganztagskonzept mit Hausaufgabenbetreuung und AG´s sowie der Schulbücherei ist fester Bestandteil des Schulprogramms.&nbsp;</p>



<div class="wp-block-image"><figure class="alignleft size-large is-resized"><img loading="lazy" decoding="async" src="https://xn--karlheinz-bhm-schule-ebc.de/wp-content/uploads/2020/05/DSCN0404-1024x768.jpg" alt="" class="wp-image-203" width="191" height="143" srcset="https://xn--karlheinz-bhm-schule-ebc.de/wp-content/uploads/2020/05/DSCN0404-1024x768.jpg 1024w, https://xn--karlheinz-bhm-schule-ebc.de/wp-content/uploads/2020/05/DSCN0404-300x225.jpg 300w, https://xn--karlheinz-bhm-schule-ebc.de/wp-content/uploads/2020/05/DSCN0404-768x576.jpg 768w, https://xn--karlheinz-bhm-schule-ebc.de/wp-content/uploads/2020/05/DSCN0404-1536x1152.jpg 1536w, https://xn--karlheinz-bhm-schule-ebc.de/wp-content/uploads/2020/05/DSCN0404-2048x1536.jpg 2048w" sizes="auto, (max-width: 191px) 100vw, 191px" /></figure></div>



<p>Das&nbsp;<strong>Schulgebäude</strong> wurde in den Jahren 2016/17 grundlegend saniert und modernisiert. Der obere Trakt der ehemaligen Mittelpunktschule Waldkappel wurde von der Schule abgetrennt. Weitere bauliche Maßnahmen betreffen die Modernisierung der Aula, des Eingangsbereiches und der Verwaltung und sind in Planung.</p>



<p>Im Raumkonzept der Schule werden Anforderungen der „Inklusiven Beschulung“ beachtet. So entstanden im Erdgeschoss Betreuungsräume und ein Klassenraum, die barrierefrei gestaltet wurden sowie barrierefreie sanitäre Anlagen.</p>



<div class="wp-block-image"><figure class="alignright size-large is-resized"><img loading="lazy" decoding="async" src="https://xn--karlheinz-bhm-schule-ebc.de/wp-content/uploads/2020/05/DSCN0403-1024x768.jpg" alt="" class="wp-image-202" width="189" height="143" srcset="https://xn--karlheinz-bhm-schule-ebc.de/wp-content/uploads/2020/05/DSCN0403-1024x768.jpg 1024w, https://xn--karlheinz-bhm-schule-ebc.de/wp-content/uploads/2020/05/DSCN0403-300x225.jpg 300w, https://xn--karlheinz-bhm-schule-ebc.de/wp-content/uploads/2020/05/DSCN0403-768x576.jpg 768w, https://xn--karlheinz-bhm-schule-ebc.de/wp-content/uploads/2020/05/DSCN0403-1536x1152.jpg 1536w, https://xn--karlheinz-bhm-schule-ebc.de/wp-content/uploads/2020/05/DSCN0403-2048x1536.jpg 2048w" sizes="auto, (max-width: 189px) 100vw, 189px" /></figure></div>



<p>Es wurde ein PC-Raum, der den aktuellen Anforderungen im Umgang mit Medien entspricht, eingerichtet. Des Weiteren sind alle Klassen mit interaktiven Tafeln und PC-Ecken ausgestattet.&nbsp;</p>



<p>Seit dem Jahr 2007 arbeitet unsere Schule mit dem&nbsp;<strong>Profil</strong> „Eine-Welt-Schule“. Wir stehen im regelmäßigen Kontakt mit unserer Partnerschule in Babile in Äthiopien. Fester Bestandteil im Schuljahr sind Projekttage zum globalen Lernen und zum Thema Afrika.&nbsp;</p>

<p>Wir stellen uns vor Die Karlheinz-Böhm-Schule liegt in der Kernstadt Waldkappel und ist im Schuljahr 2019/20 eine zweizügige Grundschule. Die ca. 150 Schülerinnen und Schüler kommen aus den Ortsteilen der Gemeinde Waldkappel sowie aus Ortsteilen der Gemeinden Hessisch Lichtenau, Wehretal und Sontra.&nbsp; Zu unserem&nbsp;Kollegium gehören 11 Kolleginnen und Kollegen. Regelmäßig werden an unserer Schule LehrerInnen [&hellip;]</p>
